 11 (base 3) in base 6?
4
Convert 2003 (base 4) to base 11.
10a
Convert -3 (base 13) to base 11.
-3
What is -77 (base 10) in base 4?
-1031
What is c2 (base 13) in base 14?
b4
-13 (base 6) to base 11
-9
Convert -b (base 14) to base 15.
-b
-223 (base 9) to base 16
-b7
Convert 10 (base 3) to base 4.
3
300 (base 5) to base 7
135
-2 (base 8) to base 2
-10
Convert 41 (base 5) to base 12.
19
22 (base 8) to base 12
16
44 (base 5) to base 14
1a
What is -12 (base 12) in base 10?
-14
Convert -2211 (base 3) to base 11.
-6a
What is -2032 (base 5) in base 16?
-10b
What is 3 (base 14) in base 10?
3
179 (base 10) to base 7
344
Convert -1334 (base 5) to base 4.
-3123
1413 (base 5) to base 10
233
-422 (base 8) to base 2
-100010010
What is 2 (base 10) in base 7?
2
12 (base 10) to base 7
15
Convert 22 (base 4) to base 7.
13
Convert -100101011 (base 2) to base 13.
-1a0
2311 (base 4) to base 14
cd
5 (base 14) to base 9
5
What is 6 (base 9) in base 3?
20
What is -22 (base 3) in base 12?
-8
126 (base 8) to base 14
62
Convert 39 (base 10) to base 11.
36
Convert -3 (base 9) to base 3.
-10
Convert -2 (base 6) to base 11.
-2
What is -24 (base 5) in base 12?
-12
-1 (base 7) to base 3
-1
What is e4 (base 16) in base 8?
344
What is -2244 (base 5) in base 15?
-169
What is 140 (base 7) in base 10?
77
-63 (base 12) to base 9
-83
What is -2 (base 6) in base 2?
-10
What is 6 (base 14) in base 10?
6
233 (base 5) to base 16
44
What is -3 (base 7) in base 4?
-3
Convert 49 (base 12) to base 8.
71
Convert 1431 (base 5) to base 3.
22221
Convert -1 (base 7) to base 10.
-1
Convert -5 (base 9) to base 13.
-5
Convert -16 (base 7) to base 11.
-12
Convert -10 (base 2) to base 11.
-2
What is 15 (base 7) in base 10?
12
What is 1d (base 16) in base 6?
45
-2 (base 10) to base 5
-2
What is 85 (base 12) in base 15?
6b
10 (base 2) to base 3
2
-155 (base 13) to base 5
-1424
What is -43 (base 13) in base 3?
-2001
-3 (base 5) to base 14
-3
Convert -1 (base 5) to base 11.
-1
What is -120 (base 3) in base 2?
-1111
Convert -4b (base 16) to base 13.
-5a
What is -16 (base 11) in base 4?
-101
Convert -1031 (base 7) to base 15.
-195
What is 11 (base 14) in base 10?
15
What is -3 (base 15) in base 11?
-3
Convert -10111 (base 3) to base 6.
-234
What is -1132 (base 4) in base 8?
-136
What is -102 (base 6) in base 3?
-1102
Convert 0 (base 12) to base 13.
0
Convert 10 (base 9) to base 14.
9
What is 1aa (base 11) in base 15?
111
What is -39 (base 14) in base 13?
-3c
Convert -10 (base 4) to base 11.
-4
21 (base 6) to base 3
111
What is 101 (base 2) in base 4?
11
What is -2 (base 7) in base 11?
-2
What is 5 (base 15) in base 9?
5
Convert 5 (base 13) to base 5.
10
Convert 5 (base 15) to base 12.
5
Convert -7b (base 12) to base 11.
-87
3 (base 9) to base 5
3
38 (base 9) to base 5
120
What is 18 (base 10) in base 9?
20
220 (base 6) to base 5
314
1 (base 15) to base 9
1
Convert 20 (base 11) to base 13.
19
Convert 131 (base 4) to base 6.
45
What is -13 (base 4) in base 15?
-7
Convert -1 (base 5) to base 15.
-1
Convert -8 (base 11) to base 14.
-8
221 (base 8) to base 12
101
b (base 12) to base 9
12
What is 4 (base 8) in base 16?
4
What is 45 (base 7) in base 4?
201
Convert 2 (base 4) to base 15.
2
6 (base 7) to base 3
20
Convert 102 (base 3) to base 5.
21
Convert 10 (base 8) to base 12.
8
-3 (base 15) to base 9
-3
Convert -7 (base 13) to base 15.
-7
8 (base 10) to base 15
8
Convert -2 (base 6) to base 9.
-2
31 (base 7) to base 2
10110
Convert 33 (base 6) to base 2.
10101
3 (base 15) to base 7
3
What is -100 (base 2) in base 12?
-4
2 (base 5) to base 2
10
Convert -134 (base 6) to base 15.
-3d
What is 1 (base 2) in base 6?
1
1 (base 16) to base 5
1
What is 91 (base 15) in base 16?
88
-a (base 11) to base 3
-101
What is 1110 (base 4) in base 6?
220
-19 (base 12) to base 4
-111
What is -1001100 (base 2) in base 4?
-1030
108 (base 9) to base 2
1011001
Convert -1bb (base 13) to base 5.
-2243
Convert 40 (base 5) to base 6.
32
What is 7c (base 13) in base 16?
67
What is -14 (base 14) in base 10?
-18
Convert 16 (base 14) to base 13.
17
Convert 66 (base 13) to base 15.
59
Convert 111 (base 2) to base 12.
7
What is -17 (base 15) in base 5?
-42
2001 (base 3) to base 13
43
Convert -2a (base 15) to base 10.
-40
What is -1011 (base 3) in base 13?
-25
Convert 11012 (base 3) to base 10.
113
What is -10010 (base 2) in base 9?
-20
Convert -13 (base 4) to base 13.
-7
11 (base 12) to base 4
31
Convert 2 (base 14) to base 2.
10
Convert -124 (base 6) to base 3.
-1221
Convert 5 (base 11) to base 8.
5
Convert 1 (base 9) to base 15.
1
What is 66 (base 14) in base 8?
132
Convert 163 (base 8) to base 7.
223
2010 (base 4) to base 9
156
2 (base 12) to base 11
2
-14d (base 14) to base 11
-221
Convert -de (base 16) to base 8.
-336
What is -23 (base 5) in base 12?
-11
What is 1023 (base 6) in base 3?
22120
11011 (base 2) to base 4
123
5 (base 9) to base 2
101
What is -121 (base 3) in base 4?
-100
11 (base 2) to base 12
3
What is -22 (base 5) in base 11?
-11
100111 (base 2) to base 10
39
Convert 30 (base 5) to base 3.
120
12 (base 10) to base 6
20
What is 12 (base 12) in base 9?
15
What is -10 (base 15) in base 4?
-33
Convert 27 (base 13) to base 11.
30
What is -2 (base 13) in base 5?
-2
What is 1123 (base 5) in base 12?
117
-200 (base 5) to base 16
-32
What is 0 (base 16) in base 6?
0
What is 0 (base 12) in base 15?
0
Convert -3 (base 15) to base 8.
-3
What is 12 (base 13) in base 14?
11
-12 (base 3) to base 14
-5
What is 23 (base 8) in base 14?
15
10 (base 7) to base 13
7
Convert -1 (base 10) to base 6.
-1
-2 (base 10) to base 15
-2
-187 (base 11) to base 10
-216
-3 (base 12) to base 14
-3
What is 3e (base 16) in base 14?
46
What is -6 (base 8) in base 11?
-6
28 (base 9) to base 6
42
What is -2 (base 5) in base 9?
-2
What is 1 (base 5) in base 13?
1
Convert 20 (base 5) to base 14.
a
Convert 2 (base 7) to base 3.
2
What is 139 (base 12) in base 7?
360
What is -1 (base 7) in base 3?
-1
What is -1001 (base 2) in base 14?
-9
1 (base 14) to base 8
1
3 (base 12) to base 10
3
Convert 1 (base 5) to base 6.
1
-1b (base 16) to base 9
-30
What is 17 (base 9) in base 5?
31
-14 (base 13) to base 5
-32
200 (base 4) to base 15
22
Convert 31 (base 11) to base 9.
37
What is 3 (base 6) in base 5?
3
-225 (base 6) to base 10
-89
What is d (base 15) in base 9?
14
-211 (base 8) to base 6
-345
What is -1210 (base 3) in base 6?
-120
Convert 13 (base 15) to base 14.
14
1 (base 7) to base 5
1
Convert 72 (base 16) to base 6.
310
-30 (base 13) to base 8
-47
What is -4 (base 10) in base 8?
-4
What is 12 (base 4) in base 12?
6
What is -5 (base 12) in base 10?
-5
Convert 1414 (base 5) to base 3.
22200
What is 32 (base 7) in base 10?
23
Convert 111 (base 3) to base 14.
d
Convert 33 (base 5) to base 16.
12
What is -2 (base 10) in base 4?
-2
10 (base 12) to base 3
110
What is 4 (base 8) in base 3?
11
What is -10 (base 7) in base 4?
-13
What is 0 (base 11) in base 16?
0
-12 (base 4) to base 15
-6
12 (base 13) to base 10
15
What is -1310 (base 4) in base 2?
-1110100
0 (base 3) to base 8
0
-15 (base 12) to base 16
-11
What is -32 (base 7) in base 4?
-113
Convert 0 (base 8) to base 5.
0
-1 (base 7) to base 8
-1
-36 (base 9) to base 10
-33
-15 (base 8) to base 10
-13
Convert -31 (base 4) to base 12.
-11
What is -3 (base 7) in base 11?
-3
-1 (base 16) to base 13
-1
What is 20 (base 7) in base 3?
112
What is -7 (base 12) in base 8?
-7
What is 2a (base 13) in base 11?
33
Convert 11 (base 7) to base 16.
8
What is 2 (base 11) in base 14?
2
6b (base 12) to base 6
215
-10 (base 6) to base 8
-6
Convert 26 (base 8) to base 7.
31
Convert 331 (base 10) to base 13.
1c6
-1022 (base 5) to base 13
-a7
Convert -12 (base 4) to base 7.
-6
Convert 1 (base 5) to base 3.
1
121 (base 9) to base 2
1100100
Convert 1122 (base 3) to base 6.
112
-1101 (base 3) to base 10
-37
What is 0 (base 11) in base 9?
0
89 (base 14) to base 8
171
Convert -15 (base 7) to base 14.
-c
-1 (base 7) to base 6
-1
Convert -3 (base 7) to base 14.
-3
What is c8 (base 14) in base 13?
107
Convert 8 (base 13) to base 6.
12
What is -3 (base 14) in base 12?
-3
-14 (base 5) to base 11
-9
-10001100 (base 2) to base 9
-165
1200 (base 3) to base 15
30
2 (base 8) to base 6
2
What is 8 (base 9) in base 5?
13
What is 0 (base 5) in base 15?
0
Conv